{"id":4,"date":"2017-03-12T17:33:18","date_gmt":"2017-03-12T17:33:18","guid":{"rendered":"https:\/\/www.granitoscultore.com\/opere-dal-1993-al-1985\/"},"modified":"2025-01-03T19:46:14","modified_gmt":"2025-01-03T19:46:14","slug":"opere-dal-1993-al-1985","status":"publish","type":"page","link":"https:\/\/www.granitoscultore.com\/it\/opere-dal-1993-al-1985\/","title":{"rendered":"Opere dal 1993 al 1985"},"content":{"rendered":"\t\t<div data-elementor-type=\"wp-page\" data-elementor-id=\"4\" class=\"elementor elementor-4\" data-elementor-post-type=\"page\">\n\t\t\t\t<div class=\"elementor-element elementor-element-d264111 e-flex e-con-boxed e-con e-parent\" data-id=\"d264111\" data-element_type=\"container\">\n\t\t\t\t\t<div class=\"e-con-inner\">\n\t\t\t\t<div class=\"elementor-element elementor-element-cf00570 elementor-widget elementor-widget-text-editor\" data-id=\"cf00570\" data-element_type=\"widget\" data-widget_type=\"text-editor.default\">\n\t\t\t\t<div class=\"elementor-widget-container\">\n\t\t\t\t\t\t\t\t\t\n<p class=\"testi_introduttivi\">La gioia di vivere.\nIl rapporto uomo-natura ha vissuto tempi migliori. Il Rinascimento poneva al centro dell&#8217;Universo l&#8217;uomo come la creatura pi\u00f9 perfetta nell&#8217;armonia cosmica. Tale concezione forniva incondizionate certezze, che si concretizzavano in un&#8217;arte visibilmente improntata ad uno spiccato equilibrio contenutistico e formale. Sciaguratamente diversa \u00e8 la nostra epoca, in cui arroganza, prevaricazione, mistificazione, filosofia di distruzione e di morte sono diventati logica di vita quotidiana.\nLa rappresentazione del rapporto uomo-natura risente di questi atteggiamenti nevrotici ed esasperati e subisce delle lesioni profonde: La natura non \u00e8 pi\u00f9 amica; \u00e8 stata irrimediabilmente compromessa quella concordia suprema che trova sublime espressione nella \u201cFesta Campestre\u201d di Giorgione-Tiziano.\nA partire da questa visione disincantata e sconsolata della realt\u00e0, l\u2019arte non pu\u00f2 che esprimere disagio, squilibrio, disarmonia ed incertezza. La gioia di vivere \u00e8 soltanto un ricordo deturpato dalle lacerazioni della memoria. Questo ciclo di lavori \u00e8 pervaso da un senso di amara repulsione verso la realt\u00e0 contemporanea, guardata con freddezza, con distacco; il dramma non ci appartiene pi\u00f9, qualcosa, nell&#8217;ingranaggio della Storia, si \u00e8 spezzato irrimediabilmente: non resta che prenderne atto.\nQueste sculture costituiscono un insieme di frammenti che simulano i resti di chiss\u00e0 quale storia ormai perduta, logorata dal tempo inesorabile, che sovrappone le sue crepe all&#8217;immagine. Questa storia, privata di ogni drammaticit\u00e0, viene ad essere bloccata e come &#8220;raggelata&#8221; nel tempo e nello spazio. E\u2019 come un reperto archeologico che racconta una storia pi\u00f9 attraverso i pochi frammenti rimasti e le tante lacerazioni che non attraverso quei pochi resti dell\u2019immagine rappresentata.<\/p>\n\n\n<hr \/>\n\n<!-- Esprimi_un_desiderio -->\n<div class=\"opera\">\n<div class=\"icona_opera\"><a title=\"Esprimi un desiderio\" href=\"https:\/\/www.granitoscultore.com\/wp-content\/uploads\/Esprimi_un_desiderio01.jpg\" rel=\"lightbox[Esprimi_un_desiderio]\" type=\"image\/jpeg\" data-mediabox=\"1\"><img decoding=\"async\" src=\"https:\/\/www.granitoscultore.com\/wp-content\/uploads\/Esprimi_un_desiderio00.jpg\" alt=\"Esprimi un desiderio\" width=\"150\" height=\"170\" \/><\/a><\/div>\n<div class=\"foto_nascoste\"><a title=\"Esprimi un desiderio\" href=\"https:\/\/www.granitoscultore.com\/wp-content\/uploads\/Esprimi_un_desiderio02.jpg\" rel=\"lightbox[Esprimi_un_desiderio]\">Foto02<\/a><\/div>\n<div class=\"descrizione_opera\">\n<p class=\"titolo_opera\">Esprimi un desiderio<\/p>\n<p class=\"materiale_opera\">Carta da restauro su MDF<\/p>\n<p class=\"dimensioni_opera\">cm. 400 x 200 x 250<\/p>\n\n<\/div>\n<\/div>\n<div style=\"clear: both; height: 0px;\"><\/div>\n\n<hr class=\"linea_opere\" \/>\n\n<!-- Esprimi_un_desiderio FINE --><!-- Frammenti 01 -->\n<div class=\"opera\">\n<div class=\"icona_opera\"><a title=\"Frammenti\" href=\"https:\/\/www.granitoscultore.com\/wp-content\/uploads\/Frammenti_0101.jpg\" rel=\"lightbox[Frammenti_01]\" type=\"image\/jpeg\" data-mediabox=\"1\"><img decoding=\"async\" src=\"https:\/\/www.granitoscultore.com\/wp-content\/uploads\/Frammenti_0100.jpg\" alt=\"Frammenti\" width=\"150\" height=\"170\" \/><\/a><\/div>\n<div class=\"descrizione_opera\">\n<p class=\"titolo_opera\">Frammenti<\/p>\n<p class=\"materiale_opera\">Tecnica mista<\/p>\n<p class=\"dimensioni_opera\">cm. 40 x 180 x 90<\/p>\n\n<\/div>\n<\/div>\n<div style=\"clear: both; height: 0px;\"><\/div>\n\n<hr class=\"linea_opere\" \/>\n\n<!-- Frammenti 01 FINE --><!-- Frammenti 02 -->\n<div class=\"opera\">\n<div class=\"icona_opera\"><a title=\"Frammenti\" href=\"https:\/\/www.granitoscultore.com\/wp-content\/uploads\/Frammenti_0201.jpg\" rel=\"lightbox[Frammenti_02]\" type=\"image\/jpeg\" data-mediabox=\"1\"><img decoding=\"async\" src=\"https:\/\/www.granitoscultore.com\/wp-content\/uploads\/Frammenti_0200.jpg\" alt=\"Frammenti\" width=\"150\" height=\"170\" \/><\/a><\/div>\n<div class=\"descrizione_opera\">\n<p class=\"titolo_opera\">Frammenti<\/p>\n<p class=\"materiale_opera\">Gesso, segatura, colla su legno e carta acquerellata<\/p>\n<p class=\"dimensioni_opera\">cm. 70 x 90 x 20<\/p>\n\n<\/div>\n<\/div>\n<div style=\"clear: both; height: 0px;\"><\/div>\n\n<hr class=\"linea_opere\" \/>\n\n<!-- Frammenti 02 FINE --><!-- Frammenti 03 -->\n<div class=\"opera\">\n<div class=\"icona_opera\"><a title=\"Frammenti\" href=\"https:\/\/www.granitoscultore.com\/wp-content\/uploads\/Frammenti_0301.jpg\" rel=\"lightbox[Frammenti_03]\" type=\"image\/jpeg\" data-mediabox=\"1\"><img loading=\"lazy\" decoding=\"async\" src=\"https:\/\/www.granitoscultore.com\/wp-content\/uploads\/Frammenti_0300.jpg\" alt=\"Frammenti\" width=\"150\" height=\"170\" \/><\/a><\/div>\n<div class=\"descrizione_opera\">\n<p class=\"titolo_opera\">Frammenti<\/p>\n<p class=\"materiale_opera\">Gesso, segatura, colla su legno e carta acquerellata<\/p>\n<p class=\"dimensioni_opera\">cm. 70 x 90 x 20<\/p>\n\n<\/div>\n<\/div>\n<div style=\"clear: both; height: 0px;\"><\/div>\n\n<hr class=\"linea_opere\" \/>\n\n<!-- Frammenti 02 FINE --><!-- Gioia_di_vivere -->\n<div class=\"opera\">\n<div class=\"icona_opera\"><a title=\"La gioia di vivere\" href=\"https:\/\/www.granitoscultore.com\/wp-content\/uploads\/Gioia_di_vivere01.jpg\" rel=\"lightbox[Gioia_di_vivere]\" type=\"image\/jpeg\" data-mediabox=\"1\"><img loading=\"lazy\" decoding=\"async\" src=\"https:\/\/www.granitoscultore.com\/wp-content\/uploads\/Gioia_di_vivere00.jpg\" alt=\"La gioia di vivere\" width=\"150\" height=\"170\" \/><\/a><\/div>\n<div class=\"foto_nascoste\"><a title=\"La gioia di vivere\" href=\"https:\/\/www.granitoscultore.com\/wp-content\/uploads\/Gioia_di_vivere02.jpg\" rel=\"lightbox[Gioia_di_vivere]\">Foto02<\/a><\/div>\n<div class=\"descrizione_opera\">\n<p class=\"titolo_opera\">La gioia di vivere<\/p>\n<p class=\"materiale_opera\">Gesso, segatura e colla su legno<\/p>\n<p class=\"dimensioni_opera\">cm. 220 x 250 x 40<\/p>\n\n<\/div>\n<\/div>\n<div style=\"clear: both; height: 0px;\"><\/div>\n\n<hr class=\"linea_opere\" \/>\n\n<!-- Gioia_di_vivere FINE --><!-- Icaro_01 -->\n<div class=\"opera\">\n<div class=\"icona_opera\"><a title=\"Icaro\" href=\"https:\/\/www.granitoscultore.com\/wp-content\/uploads\/Icaro_0101.jpg\" rel=\"lightbox[Icaro_01]\" type=\"image\/jpeg\" data-mediabox=\"1\"><img loading=\"lazy\" decoding=\"async\" src=\"https:\/\/www.granitoscultore.com\/wp-content\/uploads\/Icaro_0100.jpg\" alt=\"Icaro\" width=\"150\" height=\"170\" \/><\/a><\/div>\n<div class=\"descrizione_opera\">\n<p class=\"titolo_opera\">Icaro<\/p>\n<p class=\"materiale_opera\">Gesso, segatura e colla su legno<\/p>\n<p class=\"dimensioni_opera\">cm. 130 x 90 x 20<\/p>\n\n<\/div>\n<\/div>\n<div style=\"clear: both; height: 0px;\"><\/div>\n\n<hr class=\"linea_opere\" \/>\n\n<!-- Icaro_01 FINE --><!-- Icaro_02 -->\n<div class=\"opera\">\n<div class=\"icona_opera\"><a title=\"Icaro\" href=\"https:\/\/www.granitoscultore.com\/wp-content\/uploads\/Icaro_0201.jpg\" rel=\"lightbox[Icaro_02]\" type=\"image\/jpeg\" data-mediabox=\"1\"><img loading=\"lazy\" decoding=\"async\" src=\"https:\/\/www.granitoscultore.com\/wp-content\/uploads\/Icaro_0200.jpg\" alt=\"Icaro\" width=\"150\" height=\"170\" \/><\/a><\/div>\n<div class=\"descrizione_opera\">\n<p class=\"titolo_opera\">Icaro<\/p>\n<p class=\"materiale_opera\">Gesso, segatura e colla su legno<\/p>\n<p class=\"dimensioni_opera\">cm. 70 x 90 x 30<\/p>\n\n<\/div>\n<\/div>\n<div style=\"clear: both; height: 0px;\"><\/div>\n\n<hr class=\"linea_opere\" \/>\n\n<!-- Icaro_02 FINE --><!-- Icaro_03 -->\n<div class=\"opera\">\n<div class=\"icona_opera\"><a title=\"Icaro\" href=\"https:\/\/www.granitoscultore.com\/wp-content\/uploads\/Icaro_0301.jpg\" rel=\"lightbox[Icaro_03]\" type=\"image\/jpeg\" data-mediabox=\"1\"><img loading=\"lazy\" decoding=\"async\" src=\"https:\/\/www.granitoscultore.com\/wp-content\/uploads\/Icaro_0300.jpg\" alt=\"Icaro\" width=\"150\" height=\"170\" \/><\/a><\/div>\n<div class=\"descrizione_opera\">\n<p class=\"titolo_opera\">Icaro<\/p>\n<p class=\"materiale_opera\">Gesso, segatura e colla, legno, terriccio<\/p>\n<p class=\"dimensioni_opera\">cm. 25 x 90 x 180<\/p>\n\n<\/div>\n<\/div>\n<div style=\"clear: both; height: 0px;\"><\/div>\n\n<hr class=\"linea_opere\" \/>\n\n<!-- Icaro_03 FINE --><!-- Stella -->\n<div class=\"opera\">\n<div class=\"icona_opera\"><a title=\"Frammenti\" href=\"https:\/\/www.granitoscultore.com\/wp-content\/uploads\/Stella0101.jpg\" rel=\"lightbox[Stella]\" type=\"image\/jpeg\" data-mediabox=\"1\"><img loading=\"lazy\" decoding=\"async\" src=\"https:\/\/www.granitoscultore.com\/wp-content\/uploads\/Stella0100.jpg\" alt=\"Icaro\" width=\"150\" height=\"170\" \/><\/a><\/div>\n<div class=\"foto_nascoste\"><a title=\"Frammenti\" href=\"https:\/\/www.granitoscultore.com\/wp-content\/uploads\/Stella0102.jpg\" rel=\"lightbox[Stella]\">Foto02<\/a><\/div>\n<div class=\"descrizione_opera\">\n<p class=\"titolo_opera\">Frammenti<\/p>\n<p class=\"materiale_opera\">Mosaico su legno<\/p>\n<p class=\"dimensioni_opera\">cm. 150 x 110 x 30<\/p>\n\n<\/div>\n<\/div>\n<div style=\"clear: both; height: 0px;\"><\/div>\n\n<hr class=\"linea_opere\" \/>\n\n<!-- Stella FINE -->\t\t\t\t\t\t\t\t<\/div>\n\t\t\t\t<\/div>\n\t\t\t\t\t<\/div>\n\t\t\t\t<\/div>\n\t\t\t\t<\/div>\n\t\t","protected":false},"excerpt":{"rendered":"<p>La gioia di vivere. Il rapporto uomo-natura ha vissuto tempi migliori. Il Rinascimento poneva al centro dell&#8217;Universo l&#8217;uomo come la creatura pi\u00f9 perfetta nell&#8217;armonia cosmica. Tale concezione forniva incondizionate certezze, che si concretizzavano in un&#8217;arte visibilmente improntata ad uno spiccato equilibrio contenutistico e formale. Sciaguratamente diversa \u00e8 la nostra epoca, in cui arroganza, prevaricazione, mistificazione, [&hellip;]<\/p>\n","protected":false},"author":1,"featured_media":0,"parent":0,"menu_order":1,"comment_status":"closed","ping_status":"closed","template":"","meta":{"footnotes":""},"class_list":["post-4","page","type-page","status-publish","hentry"],"_links":{"self":[{"href":"https:\/\/www.granitoscultore.com\/it\/wp-json\/wp\/v2\/pages\/4","targetHints":{"allow":["GET"]}}],"collection":[{"href":"https:\/\/www.granitoscultore.com\/it\/wp-json\/wp\/v2\/pages"}],"about":[{"href":"https:\/\/www.granitoscultore.com\/it\/wp-json\/wp\/v2\/types\/page"}],"author":[{"embeddable":true,"href":"https:\/\/www.granitoscultore.com\/it\/wp-json\/wp\/v2\/users\/1"}],"replies":[{"embeddable":true,"href":"https:\/\/www.granitoscultore.com\/it\/wp-json\/wp\/v2\/comments?post=4"}],"version-history":[{"count":18,"href":"https:\/\/www.granitoscultore.com\/it\/wp-json\/wp\/v2\/pages\/4\/revisions"}],"predecessor-version":[{"id":547,"href":"https:\/\/www.granitoscultore.com\/it\/wp-json\/wp\/v2\/pages\/4\/revisions\/547"}],"wp:attachment":[{"href":"https:\/\/www.granitoscultore.com\/it\/wp-json\/wp\/v2\/media?parent=4"}],"curies":[{"name":"wp","href":"https:\/\/api.w.org\/{rel}","templated":true}]}}

<div data-elementor-type="wp-page" data-elementor-id="4" class="elementor elementor-4" data-elementor-post-type="page">
				<div class="elementor-element elementor-element-d264111 e-flex e-con-boxed e-con e-parent" data-id="d264111" data-element_type="container">
					<div class="e-con-inner">
				<div class="elementor-element elementor-element-cf00570 elementor-widget elementor-widget-text-editor" data-id="cf00570" data-element_type="widget" data-widget_type="text-editor.default">
				<div class="elementor-widget-container">
									
<p class="testi_introduttivi">La gioia di vivere.
Il rapporto uomo-natura ha vissuto tempi migliori. Il Rinascimento poneva al centro dell&#8217;Universo l&#8217;uomo come la creatura più perfetta nell&#8217;armonia cosmica. Tale concezione forniva incondizionate certezze, che si concretizzavano in un&#8217;arte visibilmente improntata ad uno spiccato equilibrio contenutistico e formale. Sciaguratamente diversa è la nostra epoca, in cui arroganza, prevaricazione, mistificazione, filosofia di distruzione e di morte sono diventati logica di vita quotidiana.
La rappresentazione del rapporto uomo-natura risente di questi atteggiamenti nevrotici ed esasperati e subisce delle lesioni profonde: La natura non è più amica; è stata irrimediabilmente compromessa quella concordia suprema che trova sublime espressione nella “Festa Campestre” di Giorgione-Tiziano.
A partire da questa visione disincantata e sconsolata della realtà, l’arte non può che esprimere disagio, squilibrio, disarmonia ed incertezza. La gioia di vivere è soltanto un ricordo deturpato dalle lacerazioni della memoria. Questo ciclo di lavori è pervaso da un senso di amara repulsione verso la realtà contemporanea, guardata con freddezza, con distacco; il dramma non ci appartiene più, qualcosa, nell&#8217;ingranaggio della Storia, si è spezzato irrimediabilmente: non resta che prenderne atto.
Queste sculture costituiscono un insieme di frammenti che simulano i resti di chissà quale storia ormai perduta, logorata dal tempo inesorabile, che sovrappone le sue crepe all&#8217;immagine. Questa storia, privata di ogni drammaticità, viene ad essere bloccata e come &#8220;raggelata&#8221; nel tempo e nello spazio. E’ come un reperto archeologico che racconta una storia più attraverso i pochi frammenti rimasti e le tante lacerazioni che non attraverso quei pochi resti dell’immagine rappresentata.</p>


<hr />

<!-- Esprimi_un_desiderio -->
<div class="opera">
<div class="icona_opera"><a title="Esprimi un desiderio" href="https://www.granitoscultore.com/wp-content/uploads/Esprimi_un_desiderio01.jpg" rel="lightbox[Esprimi_un_desiderio]" type="image/jpeg" data-mediabox="1"><img decoding="async" src="https://www.granitoscultore.com/wp-content/uploads/Esprimi_un_desiderio00.jpg" alt="Esprimi un desiderio" width="150" height="170" /></a></div>
<div class="foto_nascoste"><a title="Esprimi un desiderio" href="https://www.granitoscultore.com/wp-content/uploads/Esprimi_un_desiderio02.jpg" rel="lightbox[Esprimi_un_desiderio]">Foto02</a></div>
<div class="descrizione_opera">
<p class="titolo_opera">Esprimi un desiderio</p>
<p class="materiale_opera">Carta da restauro su MDF</p>
<p class="dimensioni_opera">cm. 400 x 200 x 250</p>

</div>
</div>
<div style="clear: both; height: 0px;"></div>

<hr class="linea_opere" />

<!-- Esprimi_un_desiderio FINE --><!-- Frammenti 01 -->
<div class="opera">
<div class="icona_opera"><a title="Frammenti" href="https://www.granitoscultore.com/wp-content/uploads/Frammenti_0101.jpg" rel="lightbox[Frammenti_01]" type="image/jpeg" data-mediabox="1"><img decoding="async" src="https://www.granitoscultore.com/wp-content/uploads/Frammenti_0100.jpg" alt="Frammenti" width="150" height="170" /></a></div>
<div class="descrizione_opera">
<p class="titolo_opera">Frammenti</p>
<p class="materiale_opera">Tecnica mista</p>
<p class="dimensioni_opera">cm. 40 x 180 x 90</p>

</div>
</div>
<div style="clear: both; height: 0px;"></div>

<hr class="linea_opere" />

<!-- Frammenti 01 FINE --><!-- Frammenti 02 -->
<div class="opera">
<div class="icona_opera"><a title="Frammenti" href="https://www.granitoscultore.com/wp-content/uploads/Frammenti_0201.jpg" rel="lightbox[Frammenti_02]" type="image/jpeg" data-mediabox="1"><img decoding="async" src="https://www.granitoscultore.com/wp-content/uploads/Frammenti_0200.jpg" alt="Frammenti" width="150" height="170" /></a></div>
<div class="descrizione_opera">
<p class="titolo_opera">Frammenti</p>
<p class="materiale_opera">Gesso, segatura, colla su legno e carta acquerellata</p>
<p class="dimensioni_opera">cm. 70 x 90 x 20</p>

</div>
</div>
<div style="clear: both; height: 0px;"></div>

<hr class="linea_opere" />

<!-- Frammenti 02 FINE --><!-- Frammenti 03 -->
<div class="opera">
<div class="icona_opera"><a title="Frammenti" href="https://www.granitoscultore.com/wp-content/uploads/Frammenti_0301.jpg" rel="lightbox[Frammenti_03]" type="image/jpeg" data-mediabox="1"><img loading="lazy" decoding="async" src="https://www.granitoscultore.com/wp-content/uploads/Frammenti_0300.jpg" alt="Frammenti" width="150" height="170" /></a></div>
<div class="descrizione_opera">
<p class="titolo_opera">Frammenti</p>
<p class="materiale_opera">Gesso, segatura, colla su legno e carta acquerellata</p>
<p class="dimensioni_opera">cm. 70 x 90 x 20</p>

</div>
</div>
<div style="clear: both; height: 0px;"></div>

<hr class="linea_opere" />

<!-- Frammenti 02 FINE --><!-- Gioia_di_vivere -->
<div class="opera">
<div class="icona_opera"><a title="La gioia di vivere" href="https://www.granitoscultore.com/wp-content/uploads/Gioia_di_vivere01.jpg" rel="lightbox[Gioia_di_vivere]" type="image/jpeg" data-mediabox="1"><img loading="lazy" decoding="async" src="https://www.granitoscultore.com/wp-content/uploads/Gioia_di_vivere00.jpg" alt="La gioia di vivere" width="150" height="170" /></a></div>
<div class="foto_nascoste"><a title="La gioia di vivere" href="https://www.granitoscultore.com/wp-content/uploads/Gioia_di_vivere02.jpg" rel="lightbox[Gioia_di_vivere]">Foto02</a></div>
<div class="descrizione_opera">
<p class="titolo_opera">La gioia di vivere</p>
<p class="materiale_opera">Gesso, segatura e colla su legno</p>
<p class="dimensioni_opera">cm. 220 x 250 x 40</p>

</div>
</div>
<div style="clear: both; height: 0px;"></div>

<hr class="linea_opere" />

<!-- Gioia_di_vivere FINE --><!-- Icaro_01 -->
<div class="opera">
<div class="icona_opera"><a title="Icaro" href="https://www.granitoscultore.com/wp-content/uploads/Icaro_0101.jpg" rel="lightbox[Icaro_01]" type="image/jpeg" data-mediabox="1"><img loading="lazy" decoding="async" src="https://www.granitoscultore.com/wp-content/uploads/Icaro_0100.jpg" alt="Icaro" width="150" height="170" /></a></div>
<div class="descrizione_opera">
<p class="titolo_opera">Icaro</p>
<p class="materiale_opera">Gesso, segatura e colla su legno</p>
<p class="dimensioni_opera">cm. 130 x 90 x 20</p>

</div>
</div>
<div style="clear: both; height: 0px;"></div>

<hr class="linea_opere" />

<!-- Icaro_01 FINE --><!-- Icaro_02 -->
<div class="opera">
<div class="icona_opera"><a title="Icaro" href="https://www.granitoscultore.com/wp-content/uploads/Icaro_0201.jpg" rel="lightbox[Icaro_02]" type="image/jpeg" data-mediabox="1"><img loading="lazy" decoding="async" src="https://www.granitoscultore.com/wp-content/uploads/Icaro_0200.jpg" alt="Icaro" width="150" height="170" /></a></div>
<div class="descrizione_opera">
<p class="titolo_opera">Icaro</p>
<p class="materiale_opera">Gesso, segatura e colla su legno</p>
<p class="dimensioni_opera">cm. 70 x 90 x 30</p>

</div>
</div>
<div style="clear: both; height: 0px;"></div>

<hr class="linea_opere" />

<!-- Icaro_02 FINE --><!-- Icaro_03 -->
<div class="opera">
<div class="icona_opera"><a title="Icaro" href="https://www.granitoscultore.com/wp-content/uploads/Icaro_0301.jpg" rel="lightbox[Icaro_03]" type="image/jpeg" data-mediabox="1"><img loading="lazy" decoding="async" src="https://www.granitoscultore.com/wp-content/uploads/Icaro_0300.jpg" alt="Icaro" width="150" height="170" /></a></div>
<div class="descrizione_opera">
<p class="titolo_opera">Icaro</p>
<p class="materiale_opera">Gesso, segatura e colla, legno, terriccio</p>
<p class="dimensioni_opera">cm. 25 x 90 x 180</p>

</div>
</div>
<div style="clear: both; height: 0px;"></div>

<hr class="linea_opere" />

<!-- Icaro_03 FINE --><!-- Stella -->
<div class="opera">
<div class="icona_opera"><a title="Frammenti" href="https://www.granitoscultore.com/wp-content/uploads/Stella0101.jpg" rel="lightbox[Stella]" type="image/jpeg" data-mediabox="1"><img loading="lazy" decoding="async" src="https://www.granitoscultore.com/wp-content/uploads/Stella0100.jpg" alt="Icaro" width="150" height="170" /></a></div>
<div class="foto_nascoste"><a title="Frammenti" href="https://www.granitoscultore.com/wp-content/uploads/Stella0102.jpg" rel="lightbox[Stella]">Foto02</a></div>
<div class="descrizione_opera">
<p class="titolo_opera">Frammenti</p>
<p class="materiale_opera">Mosaico su legno</p>
<p class="dimensioni_opera">cm. 150 x 110 x 30</p>

</div>
</div>
<div style="clear: both; height: 0px;"></div>

<hr class="linea_opere" />

<!-- Stella FINE -->								</div>
				</div>
					</div>
				</div>
				</div>

<p>La gioia di vivere. Il rapporto uomo-natura ha vissuto tempi migliori. Il Rinascimento poneva al centro dell&#8217;Universo l&#8217;uomo come la creatura più perfetta nell&#8217;armonia cosmica. Tale concezione forniva incondizionate certezze, che si concretizzavano in un&#8217;arte visibilmente improntata ad uno spiccato equilibrio contenutistico e formale. Sciaguratamente diversa è la nostra epoca, in cui arroganza, prevaricazione, mistificazione, [&hellip;]</p>
